 of 11 + 0 + 1 + -100 + 91?
3
What is the value of 3 + (9 - 27) + 6 + -2?
-11
(2 - -1) + (4 + 4 - (-14 - -16))
9
Evaluate 11 - (-9 + 32) - 8.
-20
What is the value of (-1 + -1 - 5 - -21) + 7 + -11?
10
What is -5 + (-9 - (-53 + 23))?
16
8 - (-5 - (-6 + 0 + 4))
11
42 + 41 + -26 + -38
19
Evaluate -7 - (6 + -11) - 22.
-24
Calculate 11 - ((-3 - ((6 - 7) + 6)) + 2).
17
Evaluate (-11 - 1) + (-5 - (-9 - -10)) + 8.
-10
What is the value of -15 - (14 + (-33 - -17))?
-13
Calculate 5 - 20 - (-37 - -6).
16
Evaluate (5 - 15) + -5 + (2 - 0) + 7.
-6
Calculate -14 - ((25 - 83) + 21).
23
Evaluate -6 + (-1 + (-9 - -7) - (2 + -30)).
19
What is 13 + -10 + 13 - 26 - -2?
-8
Evaluate 22 + 14 + 2 + -22.
16
(-2 + 31 - 10) + -6
13
6 + (4 - 2 - (-28 + 4 + 50))
-18
Evaluate -5 - (-2 - (8 - 12)) - 10.
-17
4 + (-2 - 0) + 7 + -126 + 111
-6
Calculate -83 + 92 - ((0 - -3) + -2 + -3).
11
Evaluate (-5 - -3) + 2 + -14 + (5 - 1).
-10
What is (-10 - -17) + 15 + -47?
-25
What is (-8 - -14) + -1 + 0 + -10?
-5
What is the value of -6 + (-4 - -3) - (16 - 22) - 7?
-8
What is -1078 - -1075 - (4 + 0)?
-7
-1 + -2 + (109 - 96)
10
What is -14 - -16 - (-7 - 5) - 22?
-8
What is the value of 5 - ((-1 - -17) + -12 + 6)?
-5
Evaluate (-12 + (2 - -6) - -14) + -1.
9
Evaluate -9 + 7 + (-29 - (0 + -12)).
-19
What is the value of -2 + 11 + -12 - -30 - (1 + -12)?
38
-18 + (-3 + 16 - 0)
-5
Evaluate -20 + (6 - 18) + 27.
-5
What is 27 + -8 - (-33 + 13 + 55)?
-16
What is -10 - (11 + (-17 - -9) - 4 - 8)?
-1
What is the value of (-10 + 2 - (-6 - -4)) + 11 - 4?
1
3 + 3 + -3 + (-4 - -7 - 3)
3
13 + (-24 - 11) - -23
1
What is (-3 + -1 - -23) + 18 + -32?
5
4 + -8 + (-2 - 7)
-13
What is the value of -38 + (-8 - -11) - (-7 + -5)?
-23
What is -1 + (-10 - -16) + -12?
-7
2 + 11 + -13 - -9
9
Evaluate 1 + -7 + 5 + (-23 - -41).
17
Evaluate -4 + (7 - -6) - 10.
-1
-16 + 4 - (-4 + 0) - 3
-11
Evaluate -63 + 55 - (-5 + 1 - (-24 - -10)).
-18
Evaluate 0 + -1 - -1 - (70 - 87).
17
(12 - 20) + 27 + -13
6
Calculate (-14 - -29) + (-7 - 4).
4
What is 19 + (-23 - -1) - (1 - 11)?
7
-41 + 63 - (-1 + -3 - -2 - 2)
26
17 + -16 + 1 + 1 + -4
-1
What is (7 - 5 - 15) + -5 + (7 - 0)?
-11
What is -5 - (-9 - (6 - 8) - 10)?
12
What is the value of 2 - (26 - 22 - (1 - -15))?
14
What is 0 + (8 - 4 - 12 - -2)?
-6
What is the value of (7 - (-15 - -13)) + -32 + -11?
-34
What is the value of -9 + (7 - 5) + (-5 - -44) - 6?
26
What is the value of 2 - (7 + -13 + 4 - (-12 - -1))?
-7
What is the value of 14 - (-6 + 18 - 10)?
12
What is -7 - -22 - 7 - (-6 - (-10 + -6))?
-2
What is the value of 4 + -7 + -5 + (2 - -1) + -2?
-7
What is the value of -8 + (14 - (12 - -6)) + -8?
-20
Calculate (72 - 31) + -20 - (2 + 0).
19
-10 - (4 - (4 - (2 + (1 - 2))))
-11
Calculate (13 - -2) + -8 + -1.
6
64 - 53 - (-4 - 2 - -13)
4
What is (4 - 12 - -4) + (4 - 6)?
-6
Calculate (14 - (4 - (-9 - -9))) + (-1 - 31).
-22
Evaluate (0 - 26) + 10 + 16 - 24.
-24
What is -75 - (-45 - (-4 - 1))?
-35
What is -26 + 36 - (-1 + 2)?
9
Evaluate 0 - (-2 - -4) - (-3 - (19 + -15)).
5
23 - 12 - 17 - (7 - 0)
-13
Calculate 17 - ((8 - 10) + -8 + 10).
17
What is -14 + 1 - (-14 - (-6 + -5)) - -3?
-7
Calculate 0 + 0 + -213 + 214 - (-3 + 5).
-1
19 + -15 + -15 + (-2 - -1)
-12
124 + -117 - (1 - 16)
22
What is 37 - 40 - (16 - -1) - (-4 + 0)?
-16
9 - ((-4 - -1) + (46 - 43))
9
Evaluate -2 + (-10 - -28) + -7.
9
What is -5 - (9 - -1 - (-7 + 13) - 6)?
-3
What is 1 + -10 - (-12 + 18 - -3) - 5?
-23
(11 - -6) + -17 + 18
18
Calculate (-5 - -3 - -5 - 4) + 5 + -1.
3
What is 5 + 0 + 21 - 14?
12
(10 + (-13 - 7) - -8) + 2 + 4
4
Calculate 1 + 6 + -11 - (-2 + 5).
-7
Calculate 0 - (0 + -1) - (19 + -6 + 5).
-17
Evaluate (0 - 5) + (1105 - 1118).
-18
Evaluate -31 - (26 + -51 + 22).
-28
What is the value of 47 + 20 + -6 + -83?
-22
Calculate 18 + (-8 + 2 - (-93 - -90)).
15
What is the value of 3 + (6 - 5) + -6 + -15 + 8?
-9
What is the value of 11 + (0 - 35 - (4 + -9 + 3))?
-22
Calculate -11 + 1 + 9 + 0.
-1
Evaluate 69 - 62 - (1 + -4 - (-28 - 4)).
-22
What is (-11 + -53 + 28 - -25) + (0 - 19)?
-30
Evaluate (-3 - 6) + 1 + 11 + -25 + 22.
0
(12 + -7 - 23) + -5 - -9
-14
Calculate (32 - 30) + (-1 - -5).
6
What is the value of -11 + (8 - (-2 + -11) - 12)?
-2
-4 + -1 - (-6 + -3 + 3 - -19)
-18
What is the value of -9 + (3 - -1) - (4 + -14) - 1?
4
What is the value of -217 - -206 - ((14 - -1) + 2)?
-28
Evaluate 1 + (-13 + (-16 - -22) - 30).
-36
-1 - (3 - (-2 - -7)) - (-11 + 1)
11
What is -20 + 1 - (3 - (1 - -9))?
-12
What is (54 - (11 - -19)) + -14?
10
Evaluate -10 + (-63 - -59 - (-23 - -2)).
7
Evaluate -2 + -9 + 11 - (-10 + -4 + -2).
16
What is (0 - 8) + (-17 + 10 - -6) + -10?
-19
What is (180 - 175) + 0 + -2 + 3?
6
What is the value of (-6 - (4 + -20)) + 3 + -3 - -13?
23
What is (-8 - -7) + (-5 - -9 - (24 + 2))?
-23
What is (-25 - -27) + -1 + (-4 - -16)?
13
Calculate 4 + 2 - (250 - 230).
-14
8 + (-5 - 9) + 12 + 12
18
What is the value of (-5 - -47) + -29 - (2 - -1)?
10
(6 - (10 - -4)) + 2 + 1 + -4
-9
9 - (0 + 1) - (13 + (-32 - -14))
13
Evaluate (-24 - -1) + 16 + 3.
-4
What is -385 + 387 - (0 + -4)?
6
-3 - (-13 + (14 - 11)) - -9
16
-29 + ((-1 - -9) + -5 - -2)
-24
Evaluate (-27 - -19) + -25 + (-1 - (-3 - -3)).
-34
Calculate 5 - 14 - (-19 - 2 - 4).
16
What is the value of 17 + (35 - 9 - 5 - 17)?
21
1 + 1 + 6 + -5 + -14
-11
What is the value of 0 - 0 - (0 - (4 - (-2 - -5)))?
1
Evaluate (4 - -2) + 44 + -44 + -4.
2
What is -4 - (-12 - 3) - (78 + -80)?
13
What is (4 - 6) + 10 + -6 + 5 + -8?
-1
-14 + 9 + (21 - 4 - 6)
6
Evaluate 6 - ((-15 - -10) + (4 - 2) + -2).
11
Calculate (-3 - (5 + -6) - 1) + 0.
-3
((1 - -4 - -4) + -3 - 4) + 5
7
Calculate (17 - 12) + (-15 - 0) + 24 + -27.
-13
What is 34 - (-6 + (-33 - -53))?
20
Evaluate (-51 - -53) + (-13 - (5 + -2)) + -3.
-17
Evaluate 18 + 12 + -18 + -11.
1
What is the value of 10 - (0 + 4) - (-7 + 3 - -13)?
-3
-4 + -10 + 25 + -4
7
What is the value of (4 - 4) + -5 + (4 - 8)?
-9
Calculate (-49 - -29) + 14 + 2.
-4
16 + 1 + -4 - 1 - -10
22
What is the value of -20 + 17 + -9 + 15?
3
Evaluate 3 - -18 - 20 - (6 - -5).
-10
Evaluate 17 + (6 + -8 + -13 - -18).
20
Evaluate -9 - (-10 - 5) - 1.
5
What is (-9 - (-22 + 11)) + -1 + -4 + 8?
5
What is (-12 - -14) + 2 - 10 - (-29 - -3)?
20
9 + (22 - 24 - (-3 - -3 - -44))
-37
Evaluate 24 + 58 + -99 - (-9 - 2).
-6
What is the value of 5 + 16 + -178 + 138?
-19
-43 + 24 + -1 + 6 + 2 + -2
-14
-9 + -11 + 14 + (-1 - -1) - -6
0
What is the value of 9 - (-5 - (-8 + -3))?
3
What is the value of 0 - ((7 - (0 + 2)) + (17 - 12))?
-10
Evaluate 17 + (-19 - (-14 + -7)).
19
What is 7 + -1 + (23 - 6)?
23
Calculate (-11 - 28) + 25 - 4.
-18
Calculate 8 - (-1 - 5) - 19 - 5.
-10
What is (-1 - -2 - 3 - 6) + 12 + -11?
-7
Calculate 14 + 5 + -1 + -6 + 10 + -8.
14
Calculate 2 - (-15 + (-8 - 6 - -20)).
11
What is (14 - -7) + -5 + -31?
-15
Evaluate 14 - 31 - (-16 + 7 + 11).
-19
What is 1 - 1 - 21 - (-31 - -22)?
-12
Evaluate (-46 - (-45 - 18)) + -3.
14
-3 + -4 + -20 + 34 + -8
-1
What is the value of ((-8 - 16) + 31 - (-1 + -31)) + -10?
29
What is the value of 3 + (7 - 0) + (-2 - (3 + -12))?
17
What is the value of (-26 + 27 - (0 + 4)) + -5 + 3?
-5
What is -18 - (8 - ((-4 - -14) + 1))?
-15
What is -43 - (51 - 53) - (1 + -7)?
-35
What is (-2 - -6) + 3 + -4 - -10?
13
Evaluate 0 - -3 - (146 + -144 - (0 + 8)).
9
What is the value of -29 + (6 - 3) + 26?
0
Evaluate -27 + (22 - 10) - -11.
-4
What is (-8 - (-2 - -2)) + 14 + 5?
11
What is the value of (2 - (-1 + -11)) + (-1176 - -1143)?
-19
28 + (1 - (82 - 33))
-20
Evaluate 0 + -1 + -16 + (-9 - (-19 + 6)).
-13
Calculate -19 + -1 + 8 - -4.
-8
Calculate -8 + (9 - (15 + -5)) + 9.
0
Calculate (-9 + -7 - (-13 + 2)) + 0 + -11.
-16
What is 0 + 3 + 36 + -39 - 1?
-1
Evaluate (-1 + 4 - -7) + (126 - 117).
19
Calculate 4 - (-2 - 2) - (9 + 0 + 6).
-7
What is 9 + (-55 - -47) + (-17 - -1 - 1)?
-16
What is the value of -10 + (0 - (-14 + -3 + 18))?
-11
Calculate 8 - (-16 - -14 - -5) - (-13 + 0).
18
-1 + -1 + 1 + (5 - -1) + -2
3
17 + ((-6 - 6) + 11 - 7)
9
Calculate 6 - (-13 - (-4 + 1)) - (0 + -10).
26
(-10 + 0 - -9 - 12) + -6
-19
What is -12 - -6 - ((-7 - -8 - 3) + 0)?
-4
Evaluate -13 - (-12 + 1) - (-2 + -2 + 1).
1
Evaluate (14 - 20) + -7 + (-2 - (1 + -5)).
-11
Calculate -4 - (-1 + (2 - -1)) - (-25 - -16).
3
34 - ((26 + 4 - 20) + 0 + -8)
32
Calculate 5 + 0 - (-11 - -6) - 11.
-1
